 divide 24816?
True
Is 294 a multiple of 11?
False
Does 84 divide 799?
False
Does 43 divide 473?
True
Is 113850 a multiple of 165?
True
Does 182 divide 3640?
True
Is 76 a factor of 23770?
False
Is 4 a factor of 1182?
False
Is 2073 a multiple of 24?
False
Does 48 divide 6768?
True
Is 45 a factor of 405?
True
Is 166447 a multiple of 258?
False
Is 16 a factor of 10057?
False
Does 143 divide 58469?
False
Does 12 divide 10032?
True
Is 40 a factor of 1016?
False
Is 496 a multiple of 8?
True
Is 158 a factor of 1267?
False
Is 26 a factor of 26?
True
Is 620 a multiple of 8?
False
Is 23 a factor of 529?
True
Is 15 a factor of 20340?
True
Is 83853 a multiple of 11?
True
Does 12 divide 3611?
False
Is 56 a factor of 1240?
False
Is 5859 a multiple of 21?
True
Is 224 a multiple of 28?
True
Is 10 a factor of 6850?
True
Does 142 divide 1420?
True
Is 54 a factor of 12010?
False
Is 33540 a multiple of 13?
True
Does 18 divide 385?
False
Does 22 divide 308?
True
Is 16850 a multiple of 68?
False
Is 6 a factor of 238?
False
Is 930 a multiple of 15?
True
Does 25 divide 3200?
True
Is 2952 a multiple of 24?
True
Is 10817 a multiple of 90?
False
Is 132 a factor of 34561?
False
Is 143495 a multiple of 16?
False
Does 45 divide 21856?
False
Is 1311 a multiple of 11?
False
Is 14 a factor of 140?
True
Is 45 a multiple of 13?
False
Is 1752 a multiple of 30?
False
Is 5 a factor of 142?
False
Is 393 a multiple of 131?
True
Is 12150 a multiple of 18?
True
Is 44 a multiple of 22?
True
Is 18 a factor of 44869?
False
Is 57 a factor of 798?
True
Does 12 divide 362?
False
Does 127 divide 4318?
True
Is 8 a factor of 407?
False
Is 50 a factor of 500?
True
Is 638 a multiple of 29?
True
Is 8 a factor of 22232?
True
Does 31 divide 18755?
True
Does 215 divide 36335?
True
Is 139 a multiple of 6?
False
Does 3 divide 1977?
True
Does 31 divide 513?
False
Does 112 divide 461?
False
Is 50 a factor of 1750?
True
Is 112 a factor of 30310?
False
Is 18450 a multiple of 25?
True
Is 87 a multiple of 45?
False
Is 14459 a multiple of 37?
False
Is 14 a factor of 1419?
False
Does 31 divide 1842?
False
Is 9 a factor of 459?
True
Does 7 divide 133?
True
Is 29 a factor of 2349?
True
Is 36786 a multiple of 22?
False
Is 24489 a multiple of 27?
True
Is 7 a factor of 54?
False
Is 4625 a multiple of 59?
False
Is 32 a factor of 12736?
True
Is 61793 a multiple of 12?
False
Is 14 a factor of 28783?
False
Is 326 a multiple of 11?
False
Is 70 a factor of 10327?
False
Does 14 divide 3669?
False
Does 26 divide 7670?
True
Is 3557 a multiple of 91?
False
Does 10 divide 600?
True
Is 2340 a multiple of 18?
True
Is 64 a factor of 1506?
False
Is 356 a multiple of 63?
False
Does 35 divide 665?
True
Does 16 divide 153?
False
Does 29 divide 4173?
False
Is 6 a factor of 274?
False
Does 33 divide 1834?
False
Is 6 a factor of 2780?
False
Does 304 divide 6779?
False
Does 15 divide 45435?
True
Is 237 a multiple of 89?
False
Does 15 divide 886?
False
Is 859 a multiple of 85?
False
Is 8154 a multiple of 27?
True
Does 17 divide 41939?
True
Is 2 a factor of 468?
True
Is 11 a multiple of 6?
False
Does 2 divide 20?
True
Is 624 a multiple of 6?
True
Is 540 a multiple of 14?
False
Does 51 divide 15351?
True
Is 25425 a multiple of 225?
True
Does 11 divide 1438?
False
Is 9775 a multiple of 25?
True
Is 2520 a multiple of 63?
True
Is 21 a factor of 13733?
False
Does 21 divide 120?
False
Is 72 a multiple of 2?
True
Is 353 a multiple of 4?
False
Is 26 a factor of 2392?
True
Does 46 divide 1559?
False
Is 5888 a multiple of 23?
True
Is 18 a factor of 1620?
True
Is 17 a factor of 392?
False
Is 16 a factor of 4551?
False
Is 107 a factor of 28089?
False
Is 13 a factor of 5382?
True
Is 2367 a multiple of 9?
True
Is 8457 a multiple of 117?
False
Is 13234 a multiple of 8?
False
Is 3 a factor of 156?
True
Is 4 a factor of 441?
False
Is 27 a factor of 687?
False
Is 4400 a multiple of 22?
True
Does 3 divide 1854?
True
Does 46 divide 14720?
True
Is 819 a multiple of 91?
True
Does 74 divide 6956?
True
Is 2147 a multiple of 6?
False
Is 1927 a multiple of 8?
False
Does 63 divide 4357?
False
Is 40 a factor of 11382?
False
Is 17969 a multiple of 7?
True
Is 11 a factor of 1006?
False
Is 82 a factor of 1827?
False
Does 31 divide 868?
True
Is 544 a multiple of 9?
False
Does 26 divide 422?
False
Does 108 divide 19008?
True
Does 125 divide 2875?
True
Is 10835 a multiple of 11?
True
Is 8 a factor of 1199?
False
Does 58 divide 1321?
False
Does 21 divide 1535?
False
Does 25 divide 340?
False
Is 939 even?
False
Does 20 divide 540?
True
Is 20393 a multiple of 29?
False
Does 4 divide 10944?
True
Does 4 divide 350?
False
Is 2668 a multiple of 17?
False
Is 24 a factor of 4680?
True
Does 11 divide 8800?
True
Is 40 a factor of 1140?
False
Does 6 divide 159?
False
Is 6 a factor of 1112?
False
Is 1475 a multiple of 25?
True
Is 71 a factor of 7094?
False
Is 3 a factor of 975?
True
Does 10 divide 26860?
True
Is 133 a multiple of 22?
False
Is 56 a factor of 1757?
False
Does 5 divide 1970?
True
Does 36 divide 14004?
True
Is 115 a factor of 29095?
True
Is 1164 a multiple of 15?
False
Is 10 a factor of 8560?
True
Is 34 a factor of 2176?
True
Does 4 divide 396?
True
Is 48 a multiple of 24?
True
Is 36 a factor of 4442?
False
Is 686 a multiple of 49?
True
Does 25 divide 425?
True
Is 1134 a multiple of 27?
True
Is 73 a factor of 56738?
False
Is 515 a multiple of 10?
False
Is 21754 a multiple of 73?
True
Is 3 a factor of 1148?
False
Is 2 a factor of 545?
False
Is 67 a multiple of 3?
False
Is 39 a factor of 341?
False
Is 45 a factor of 5596?
False
Is 31 a factor of 713?
True
Does 13 divide 405?
False
Is 55 a factor of 495?
True
Is 390 a multiple of 6?
True
Is 24613 a multiple of 72?
False
Is 12 a factor of 5569?
False
Does 67 divide 5698?
False
Does 45 divide 1935?
True
Is 2838 a multiple of 33?
True
Is 21488 a multiple of 17?
True
Is 1880 a multiple of 19?
False
Is 40 a factor of 2068?
False
Is 15336 a multiple of 72?
True
Is 11 a factor of 8754?
False
Is 102 a factor of 14586?
True
Is 44051 a multiple of 24?
False
Is 9325 a multiple of 19?
False
Does 23 divide 4634?
False
Is 5 a factor of 45?
True
Is 58 a factor of 2477?
False
Does 15 divide 5426?
False
Is 71 a factor of 599?
False
Is 8 a factor of 31232?
True
Does 10 divide 455?
False
Is 49 a factor of 1293?
False
Does 7 divide 36666?
True
Is 11 a factor of 1925?
True
Is 454 a multiple of 50?
False
Is 174 a factor of 6264?
True
Is 293 a factor of 55835?
False
Is 220 a multiple of 22?
True
Is 15 a factor of 2205?
True
Is 51 a factor of 17289?
True
Is 5151 a multiple of 27?
False
Is 55 a factor of 4015?
True
Is 896 a multiple of 3?
False
Is 7570 a multiple of 10?
True
Does 60 divide 660?
True
Is 33096 a multiple of 21?
True
Is 17 a factor of 32640?
True
Is 288 a multiple of 24?
True
Does 15 divide 4050?
True
Does 21 divide 324?
False
Is 68 a factor of 56780?
True
Is 30 a factor of 150?
True
Is 50 a multiple of 10?
True
Is 18 a factor of 44496?
True
Is 806 a multiple of 79?
False
Does 68 divide 17917?
False
Is 3 a factor of 4754?
False
Is 29 a factor of 116290?
True
Is 20 a factor of 6660?
True
Is 57 a factor of 1466?
False
Is 11 a factor of 891?
True
Is 40087 a multiple of 14?
False
Is 10 a factor of 10644?
False
Is 32 a multiple of 16?
True
Is 1400 a multiple of 14?
True
Is 1160 a multiple of 20?
True
Is 3 a factor of 34?
False
Is 1173 a multiple of 45?
False
Is 265 a multiple of 7?
False
Is 5496 a multiple of 24?
True
Does 96 divide 7148?
False
Is 206 a multiple of 28?
False
Is 44 a factor of 1144?
True
Is 51 a multiple of 17?
True
Does 23 divide 2765?
False
Does 13 divide 1572?
False
Is 8 a factor of 4740?
False
Does 89 divide 4474?
False
Is 32 a factor of 3648?
True
Is 85 a factor of 9305?
False
Is 24 a factor of 269?
False
Is 72 a factor of 3024?
True
Is 5333 a multiple of 5?
False
Is 3 a factor of 3082?
False
Is 854 a multiple of 49?
False
Is 26245 a multiple of 207?
False
Is 24 a factor of 554?
False
Is 2698 a multiple of 19?
True
Is 11 a factor of 42427?
True
Is 175 a factor of 2275?
True
Does 63 divide 17262?
True
Is 9 a factor of 360?
True
Does 41 divide 40836?
True
Does 34 divide 4885?
False
Does 139 divide 3549?
False
Is 3751 a multiple of 13?
False
Is 36270 a multiple of 62?
True
Is 3529 a multiple of 18?
False
Is 736 a mul